{"id":3994,"date":"2023-02-07T18:09:52","date_gmt":"2023-02-07T18:09:52","guid":{"rendered":"https:\/\/zcmp.org\/?page_id=3994"},"modified":"2023-04-02T21:06:06","modified_gmt":"2023-04-02T21:06:06","slug":"upcoming-events","status":"publish","type":"page","link":"https:\/\/zcmp.org\/es\/upcoming-events\/","title":{"rendered":"PR\u00d3XIMOS EVENTOS"},"content":{"rendered":"<h3 class=\"wp-block-heading has-text-align-center\">Mi\u00e9rcoles, 12 de abril de 2023, 16:30-20:00<br>Lo que PODR\u00cdAMOS hacer:<br>El Proyecto de Memoria del C\u00f3digo Postal en Conversaci\u00f3n con Iniciativas Relacionadas con la Pandemia<br>El Foro, Universidad de Columbia, <a href=\"https:\/\/www.google.com\/maps\/place\/601+W+125th+St,+New+York,+NY+10027\/@40.8162528,-73.9583886,17z\/data=!3m1!4b1!4m6!3m5!1s0x89c2f669f22a9041:0xc9f965bfb27588b5!8m2!3d40.8162528!4d-73.9583886!16s%2Fg%2F11h3nw6r69\">601 oeste de la calle 125<\/a>. <br>Registro <a href=\"https:\/\/www.eventbrite.com\/e\/what-we-could-do-the-zip-code-memory-project-in-conversation-tickets-598555444447?aff=ebdssbcitybrowse\">aqu\u00ed<\/a><\/h3>\n\n\n\n<p><\/p>\n\n\n\n<figure class=\"wp-block-image size-large\"><img loading=\"lazy\" decoding=\"async\" width=\"1024\" height=\"776\" src=\"https:\/\/zcmp.org\/wp-content\/uploads\/2023\/02\/image_6483441-1-1024x776.jpg\" alt=\"\" class=\"wp-image-4036\" srcset=\"https:\/\/zcmp.org\/wp-content\/uploads\/2023\/02\/image_6483441-1-1024x776.jpg 1024w, https:\/\/zcmp.org\/wp-content\/uploads\/2023\/02\/image_6483441-1-300x227.jpg 300w, https:\/\/zcmp.org\/wp-content\/uploads\/2023\/02\/image_6483441-1-768x582.jpg 768w, https:\/\/zcmp.org\/wp-content\/uploads\/2023\/02\/image_6483441-1-1536x1164.jpg 1536w, https:\/\/zcmp.org\/wp-content\/uploads\/2023\/02\/image_6483441-1.jpg 1589w\" sizes=\"auto, (max-width: 1024px) 100vw, 1024px\" \/><figcaption class=\"wp-element-caption\"><em>Habla con el futuro&nbsp;<\/em>con Mar\u00eda Jos\u00e9 Contreras, foto de Sylvia Juliana Riveros Torres<\/figcaption><\/figure>\n\n\n\n<p>Durante los \u00faltimos dos a\u00f1os, el Proyecto de Memoria del C\u00f3digo Postal encontr\u00f3 formas de conmemorar las devastadoras p\u00e9rdidas resultantes de la pandemia de COVID-19 y al mismo tiempo reconocer sus efectos radicalmente diferenciales en los vecindarios de la Alta Ciudad de Nueva York.<\/p>\n\n\n\n<p>\u00danase a nosotros el 12 de abril para concluir y reflexionar sobre nuestro proyecto y conocer las iniciativas pand\u00e9micas de la ciudad de Nueva York relacionadas.<\/p>\n\n\n\n<h3 class=\"wp-block-heading\">4:30 &#8211; 5:45<\/h3>\n\n\n\n<p><br><strong>RECEPCI\u00d3N Y REUNI\u00d3N<br><\/strong><a href=\"https:\/\/zcmp.org\/es\/talk-to-the-future\/\">Entra en nuestra c\u00e1psula del tiempo y Habla con el Futuro con Mar\u00eda Jos\u00e9 Contreras<\/a><\/p>\n\n\n\n<h3 class=\"wp-block-heading\">5:45 &#8211; 7:30<\/h3>\n\n\n\n<ul class=\"wp-block-list\">\n<li>El lanzamiento de nuestro nuevo sitio web ZCMP, zcmp.org<\/li>\n\n\n\n<li>Proyecci\u00f3n de nuestro cortometraje, JUNTOS, NO SOLOS<\/li>\n\n\n\n<li>Presentaciones breves de iniciativas relacionadas con la pandemia.\n<ul class=\"wp-block-list\">\n<li><a href=\"https:\/\/apa.nyu.edu\/apa-voices-covid\/\">Voces de A\/P\/A: un proyecto de memoria p\u00fablica de COVID-19<\/a><\/li>\n\n\n\n<li><a href=\"https:\/\/rss.com\/podcasts\/blackamericaandcovid\/\">Am\u00e9rica negra y covid<\/a><\/li>\n\n\n\n<li><a href=\"https:\/\/pandemicresponse.columbia.edu\/\">Instituto de Respuesta a la Pandemia de la Ciudad de Nueva York<\/a><\/li>\n\n\n\n<li><a href=\"https:\/\/incite.columbia.edu\/covid19-oral-history-project\">Archivo de historia oral, narrativa y memoria de NYC Covid-19<\/a><\/li>\n\n\n\n<li><a href=\"https:\/\/worldprojects.columbia.edu\/confronting-covid-19-loss-harlem\">Enfrentando la p\u00e9rdida de Covid-19 en Harlem.<\/a><\/li>\n<\/ul>\n<\/li>\n<\/ul>\n\n\n\n<h3 class=\"wp-block-heading\">7:30 &#8211; 8:00<\/h3>\n\n\n\n<p><br>Actuaci\u00f3n de cierre por <a href=\"https:\/\/www.singharlem.com\/\">Canta el Coro de Harlem<\/a>.<\/p>\n\n\n\n<figure class=\"wp-block-image size-full\"><img loading=\"lazy\" decoding=\"async\" width=\"800\" height=\"532\" src=\"https:\/\/zcmp.org\/wp-content\/uploads\/2023\/03\/choir.jpeg\" alt=\"\" class=\"wp-image-4072\" srcset=\"https:\/\/zcmp.org\/wp-content\/uploads\/2023\/03\/choir.jpeg 800w, https:\/\/zcmp.org\/wp-content\/uploads\/2023\/03\/choir-300x200.jpeg 300w, https:\/\/zcmp.org\/wp-content\/uploads\/2023\/03\/choir-768x511.jpeg 768w\" sizes=\"auto, (max-width: 800px) 100vw, 800px\" \/><figcaption class=\"wp-element-caption\">Sing Harlem en la reuni\u00f3n de ZCMP el 5 de diciembre de 2022, fotograf\u00eda de Desiree Rios<br><\/figcaption><\/figure>\n\n\n\n<blockquote class=\"wp-block-quote is-layout-flow wp-block-quote-is-layout-flow\">\n<p>Este evento est\u00e1 copatrocinado por la Sociedad de Becarios de Columbia y el Centro Heyman para las Humanidades, la Sociedad de Acad\u00e9micos Senior, The Forum, Columbia Global, el Centro para el Estudio de la Diferencia Social y el Seminario Universitario sobre Memoria Cultural.<\/p>\n\n\n\n<p>Gracias a la Fundaci\u00f3n Henry Luce por su apoyo sostenido al Proyecto de Memoria del C\u00f3digo Postal; al Centro para el Estudio de la Diferencia Social de la Universidad de Columbia y a la Sociedad de Becarios y al Centro Heyman de Humanidades de la Universidad de Columbia por su apoyo y financiaci\u00f3n.<\/p>\n<\/blockquote>\n\n\n\n<h3 class=\"wp-block-heading\"><br><\/h3>\n\n\n\n<figure class=\"wp-block-image size-full\"><img loading=\"lazy\" decoding=\"async\" width=\"800\" height=\"951\" src=\"https:\/\/zcmp.org\/wp-content\/uploads\/2023\/03\/aa1.jpeg\" alt=\"\" class=\"wp-image-4069\" srcset=\"https:\/\/zcmp.org\/wp-content\/uploads\/2023\/03\/aa1.jpeg 800w, https:\/\/zcmp.org\/wp-content\/uploads\/2023\/03\/aa1-252x300.jpeg 252w, https:\/\/zcmp.org\/wp-content\/uploads\/2023\/03\/aa1-768x913.jpeg 768w\" sizes=\"auto, (max-width: 800px) 100vw, 800px\" \/><\/figure>","protected":false},"excerpt":{"rendered":"<p>Mi\u00e9rcoles, 12 de abril de 2023, 4:30-8:00 p. m. Qu\u00e9 PODR\u00cdAMOS hacer: El Proyecto de Memoria del C\u00f3digo Postal en conversaci\u00f3n con iniciativas pand\u00e9micas relacionadas El Foro, Universidad de Columbia, 601 W 125th St. Reg\u00edstrese aqu\u00ed Durante los \u00faltimos dos a\u00f1os el C\u00f3digo Postal Memory Project encontr\u00f3 formas de conmemorar las devastadoras p\u00e9rdidas resultantes de la pandemia de COVID-19 y al mismo tiempo reconocer su radical... <\/p>\n<p class=\"link-more\"><a href=\"https:\/\/zcmp.org\/es\/upcoming-events\/\" class=\"more-link\">Leer m\u00e1s<span class=\"screen-reader-text\"> &quot;PR\u00d3XIMOS EVENTOS&quot;<\/span><\/a><\/p>","protected":false},"author":2,"featured_media":0,"parent":0,"menu_order":0,"comment_status":"closed","ping_status":"closed","template":"","meta":{"footnotes":""},"class_list":["post-3994","page","type-page","status-publish","hentry"],"_links":{"self":[{"href":"https:\/\/zcmp.org\/es\/wp-json\/wp\/v2\/pages\/3994","targetHints":{"allow":["GET"]}}],"collection":[{"href":"https:\/\/zcmp.org\/es\/wp-json\/wp\/v2\/pages"}],"about":[{"href":"https:\/\/zcmp.org\/es\/wp-json\/wp\/v2\/types\/page"}],"author":[{"embeddable":true,"href":"https:\/\/zcmp.org\/es\/wp-json\/wp\/v2\/users\/2"}],"replies":[{"embeddable":true,"href":"https:\/\/zcmp.org\/es\/wp-json\/wp\/v2\/comments?post=3994"}],"version-history":[{"count":34,"href":"https:\/\/zcmp.org\/es\/wp-json\/wp\/v2\/pages\/3994\/revisions"}],"predecessor-version":[{"id":4099,"href":"https:\/\/zcmp.org\/es\/wp-json\/wp\/v2\/pages\/3994\/revisions\/4099"}],"wp:attachment":[{"href":"https:\/\/zcmp.org\/es\/wp-json\/wp\/v2\/media?parent=3994"}],"curies":[{"name":"wp","href":"https:\/\/api.w.org\/{rel}","templated":true}]}}

PRÓXIMOS EVENTOS

<h3 class="wp-block-heading has-text-align-center">Miércoles, 12 de abril de 2023, 16:30-20:00<br>Lo que PODRÍAMOS hacer:<br>El Proyecto de Memoria del Código Postal en Conversación con Iniciativas Relacionadas con la Pandemia<br>El Foro, Universidad de Columbia, <a href="https://www.google.com/maps/place/601+W+125th+St,+New+York,+NY+10027/@40.8162528,-73.9583886,17z/data=!3m1!4b1!4m6!3m5!1s0x89c2f669f22a9041:0xc9f965bfb27588b5!8m2!3d40.8162528!4d-73.9583886!16s%2Fg%2F11h3nw6r69">601 oeste de la calle 125</a>. <br>Registro <a href="https://www.eventbrite.com/e/what-we-could-do-the-zip-code-memory-project-in-conversation-tickets-598555444447?aff=ebdssbcitybrowse">aquí</a></h3>



<p></p>



<figure class="wp-block-image size-large"><img loading="lazy" decoding="async" width="1024" height="776" src="https://zcmp.org/wp-content/uploads/2023/02/image_6483441-1-1024x776.jpg" alt="" class="wp-image-4036" srcset="https://zcmp.org/wp-content/uploads/2023/02/image_6483441-1-1024x776.jpg 1024w, https://zcmp.org/wp-content/uploads/2023/02/image_6483441-1-300x227.jpg 300w, https://zcmp.org/wp-content/uploads/2023/02/image_6483441-1-768x582.jpg 768w, https://zcmp.org/wp-content/uploads/2023/02/image_6483441-1-1536x1164.jpg 1536w, https://zcmp.org/wp-content/uploads/2023/02/image_6483441-1.jpg 1589w" sizes="auto, (max-width: 1024px) 100vw, 1024px" /><figcaption class="wp-element-caption"><em>Habla con el futuro&nbsp;</em>con María José Contreras, foto de Sylvia Juliana Riveros Torres</figcaption></figure>



<p>Durante los últimos dos años, el Proyecto de Memoria del Código Postal encontró formas de conmemorar las devastadoras pérdidas resultantes de la pandemia de COVID-19 y al mismo tiempo reconocer sus efectos radicalmente diferenciales en los vecindarios de la Alta Ciudad de Nueva York.</p>



<p>Únase a nosotros el 12 de abril para concluir y reflexionar sobre nuestro proyecto y conocer las iniciativas pandémicas de la ciudad de Nueva York relacionadas.</p>



<h3 class="wp-block-heading">4:30 &#8211; 5:45</h3>



<p><br><strong>RECEPCIÓN Y REUNIÓN<br></strong><a href="https://zcmp.org/es/talk-to-the-future/">Entra en nuestra cápsula del tiempo y Habla con el Futuro con María José Contreras</a></p>



<h3 class="wp-block-heading">5:45 &#8211; 7:30</h3>



<ul class="wp-block-list">
<li>El lanzamiento de nuestro nuevo sitio web ZCMP, zcmp.org</li>



<li>Proyección de nuestro cortometraje, JUNTOS, NO SOLOS</li>



<li>Presentaciones breves de iniciativas relacionadas con la pandemia.
<ul class="wp-block-list">
<li><a href="https://apa.nyu.edu/apa-voices-covid/">Voces de A/P/A: un proyecto de memoria pública de COVID-19</a></li>



<li><a href="https://rss.com/podcasts/blackamericaandcovid/">América negra y covid</a></li>



<li><a href="https://pandemicresponse.columbia.edu/">Instituto de Respuesta a la Pandemia de la Ciudad de Nueva York</a></li>



<li><a href="https://incite.columbia.edu/covid19-oral-history-project">Archivo de historia oral, narrativa y memoria de NYC Covid-19</a></li>



<li><a href="https://worldprojects.columbia.edu/confronting-covid-19-loss-harlem">Enfrentando la pérdida de Covid-19 en Harlem.</a></li>
</ul>
</li>
</ul>



<h3 class="wp-block-heading">7:30 &#8211; 8:00</h3>



<p><br>Actuación de cierre por <a href="https://www.singharlem.com/">Canta el Coro de Harlem</a>.</p>



<figure class="wp-block-image size-full"><img loading="lazy" decoding="async" width="800" height="532" src="https://zcmp.org/wp-content/uploads/2023/03/choir.jpeg" alt="" class="wp-image-4072" srcset="https://zcmp.org/wp-content/uploads/2023/03/choir.jpeg 800w, https://zcmp.org/wp-content/uploads/2023/03/choir-300x200.jpeg 300w, https://zcmp.org/wp-content/uploads/2023/03/choir-768x511.jpeg 768w" sizes="auto, (max-width: 800px) 100vw, 800px" /><figcaption class="wp-element-caption">Sing Harlem en la reunión de ZCMP el 5 de diciembre de 2022, fotografía de Desiree Rios<br></figcaption></figure>



<blockquote class="wp-block-quote is-layout-flow wp-block-quote-is-layout-flow">
<p>Este evento está copatrocinado por la Sociedad de Becarios de Columbia y el Centro Heyman para las Humanidades, la Sociedad de Académicos Senior, The Forum, Columbia Global, el Centro para el Estudio de la Diferencia Social y el Seminario Universitario sobre Memoria Cultural.</p>



<p>Gracias a la Fundación Henry Luce por su apoyo sostenido al Proyecto de Memoria del Código Postal; al Centro para el Estudio de la Diferencia Social de la Universidad de Columbia y a la Sociedad de Becarios y al Centro Heyman de Humanidades de la Universidad de Columbia por su apoyo y financiación.</p>
</blockquote>



<h3 class="wp-block-heading"><br></h3>



<figure class="wp-block-image size-full"><img loading="lazy" decoding="async" width="800" height="951" src="https://zcmp.org/wp-content/uploads/2023/03/aa1.jpeg" alt="" class="wp-image-4069" srcset="https://zcmp.org/wp-content/uploads/2023/03/aa1.jpeg 800w, https://zcmp.org/wp-content/uploads/2023/03/aa1-252x300.jpeg 252w, https://zcmp.org/wp-content/uploads/2023/03/aa1-768x913.jpeg 768w" sizes="auto, (max-width: 800px) 100vw, 800px" /></figure>

<p>Miércoles, 12 de abril de 2023, 4:30-8:00 p. m. Qué PODRÍAMOS hacer: El Proyecto de Memoria del Código Postal en conversación con iniciativas pandémicas relacionadas El Foro, Universidad de Columbia, 601 W 125th St. Regístrese aquí Durante los últimos dos años el Código Postal Memory Project encontró formas de conmemorar las devastadoras pérdidas resultantes de la pandemia de COVID-19 y al mismo tiempo reconocer su radical... </p>
<p class="link-more"><a href="https://zcmp.org/es/upcoming-events/" class="more-link">Leer más<span class="screen-reader-text"> &quot;PRÓXIMOS EVENTOS&quot;</span></a></p>
